{"id":166,"date":"2016-10-05T02:12:01","date_gmt":"2016-10-05T02:12:01","guid":{"rendered":"http:\/\/travelwp.physcode.com\/?page_id=166"},"modified":"2021-08-15T12:16:13","modified_gmt":"2021-08-15T15:16:13","slug":"contato","status":"publish","type":"page","link":"https:\/\/motelzap.com.br\/site\/contato\/","title":{"rendered":"Contato"},"content":{"rendered":"<p>[vc_row][vc_column][vc_gmaps link=&#8221;#E-8_JTNDaWZyYW1lJTIwc3JjJTNEJTIyaHR0cHMlM0ElMkYlMkZ3d3cuZ29vZ2xlLmNvbSUyRm1hcHMlMkZlbWJlZCUzRnBiJTNEJTIxMW0xNCUyMTFtOCUyMTFtMyUyMTFkMTUxOTguNDQ4NzM3NTExNTU1JTIxMmQtNTAuOTA3ODY1OSUyMTNkLTE3Ljc2MjkwMzMlMjEzbTIlMjExaTEwMjQlMjEyaTc2OCUyMTRmMTMuMSUyMTNtMyUyMTFtMiUyMTFzMHgwJTI1M0EweGNlN2FhODMyZGIyNTk4OGYlMjEyc1phcCUyNTIwTW90ZWwlMjUyMC0lMjUyMFJpbyUyNTIwVmVyZGUlMjE1ZTAlMjEzbTIlMjExc3B0LUJSJTIxMnNiciUyMTR2MTYyOTA0MDAwNTY1NiUyMTVtMiUyMTFzcHQtQlIlMjEyc2JyJTIyJTIwd2lkdGglM0QlMjI2MDAlMjIlMjBoZWlnaHQlM0QlMjI0NTAlMjIlMjBzdHlsZSUzRCUyMmJvcmRlciUzQTAlM0IlMjIlMjBhbGxvd2Z1bGxzY3JlZW4lM0QlMjIlMjIlMjBsb2FkaW5nJTNEJTIybGF6eSUyMiUzRSUzQyUyRmlmcmFtZSUzRQ==&#8221; size=&#8221;&#8221;][\/vc_column][\/vc_row][vc_row el_class=&#8221;pages_content&#8221;][vc_column]<div class=\"pages_content\"><h4>Informa\u00e7\u00f5es de contato<\/h4><div class=\"contact_infor\"><ul><li><label><i class=\"fa fa-map-marker\"><\/i>ENDERE\u00c7O<\/label><div class=\"des\">Rua do Mogno, s\/n QUADRA14 LOTE 242\/243\/244, R. Arco \u00cdris, Rio Verde - GO, 75910-110<\/div><\/li><li><label><i class=\"fa fa-whatsapp\"><\/i>WHATSAPP<\/label><div class=\"des\">64 99934-6969<\/div><\/li><li><label><i class=\"fa fa-clock-o\"><\/i>Funcionamento<\/label><div class=\"des\">Sempre Aberto<\/div><\/li><\/ul><\/div><\/div>[\/vc_column][\/vc_row][vc_row el_class=&#8221;pages_content&#8221;][vc_column][vc_column_text]<\/p>\n<h4>Tem alguma d\u00favida, cr\u00edtica ou reclama\u00e7\u00e3o?<\/h4>\n<div role=\"form\" class=\"wpcf7\" id=\"wpcf7-f24-o1\" lang=\"en-US\" dir=\"ltr\">\n<div class=\"screen-reader-response\"><p role=\"status\" aria-live=\"polite\" aria-atomic=\"true\"><\/p> <ul><\/ul><\/div>\n<form action=\"\/site\/wp-json\/wp\/v2\/pages\/166#wpcf7-f24-o1\" method=\"post\" class=\"wpcf7-form init\" novalidate=\"novalidate\" data-status=\"init\">\n<div style=\"display: none;\">\n<input type=\"hidden\" name=\"_wpcf7\" value=\"24\" \/>\n<input type=\"hidden\" name=\"_wpcf7_version\" value=\"5.4.2\" \/>\n<input type=\"hidden\" name=\"_wpcf7_locale\" value=\"en_US\" \/>\n<input type=\"hidden\" name=\"_wpcf7_unit_tag\" value=\"wpcf7-f24-o1\" \/>\n<input type=\"hidden\" name=\"_wpcf7_container_post\" value=\"0\" \/>\n<input type=\"hidden\" name=\"_wpcf7_posted_data_hash\" value=\"\" \/>\n<\/div>\n<div class=\"form-contact\">\n<div class=\"row-1x\">\n<div class=\"col-sm-6\">\n                 <span class=\"wpcf7-form-control-wrap your-name\"><input type=\"text\" name=\"your-name\" value=\"\" size=\"40\" class=\"wpcf7-form-control wpcf7-text wpcf7-validates-as-required\" aria-required=\"true\" aria-invalid=\"false\" placeholder=\"Seu nome*\" \/><\/span>\n           <\/div>\n<div class=\"col-sm-6\">\n               <span class=\"wpcf7-form-control-wrap your-email\"><input type=\"email\" name=\"your-email\" value=\"\" size=\"40\" class=\"wpcf7-form-control wpcf7-text wpcf7-email wpcf7-validates-as-required wpcf7-validates-as-email\" aria-required=\"true\" aria-invalid=\"false\" placeholder=\"Email*\" \/><\/span>\n          <\/div>\n<\/div>\n<div class=\"form-contact-fields\">\n           <span class=\"wpcf7-form-control-wrap your-subject\"><input type=\"text\" name=\"your-subject\" value=\"\" size=\"40\" class=\"wpcf7-form-control wpcf7-text\" aria-invalid=\"false\" placeholder=\"Assunto\" \/><\/span>\n     <\/div>\n<div class=\"form-contact-fields\">\n           <span class=\"wpcf7-form-control-wrap your-message\"><textarea name=\"your-message\" cols=\"40\" rows=\"10\" class=\"wpcf7-form-control wpcf7-textarea\" aria-invalid=\"false\" placeholder=\"Message\"><\/textarea><\/span><br \/>\n           <input type=\"submit\" value=\"Enviar\" class=\"wpcf7-form-control wpcf7-submit\" \/>\n      <\/div>\n<\/div>\n<div class=\"wpcf7-response-output\" aria-hidden=\"true\"><\/div><\/form><\/div>[\/vc_column_text][\/vc_column][\/vc_row]<\/p>\n","protected":false},"excerpt":{"rendered":"<p>[vc_row][vc_column][vc_gmaps link=&#8221;#E-8_JTNDaWZyYW1lJTIwc3JjJTNEJTIyaHR0cHMlM0ElMkYlMkZ3d3cuZ29vZ2xlLmNvbSUyRm1hcHMlMkZlbWJlZCUzRnBiJTNEJTIxMW0xNCUyMTFtOCUyMTFtMyUyMTFkMTUxOTguNDQ4NzM3NTExNTU1JTIxMmQtNTAuOTA3ODY1OSUyMTNkLTE3Ljc2MjkwMzMlMjEzbTIlMjExaTEwMjQlMjEyaTc2OCUyMTRmMTMuMSUyMTNtMyUyMTFtMiUyMTFzMHgwJTI1M0EweGNlN2FhODMyZGIyNTk4OGYlMjEyc1phcCUyNTIwTW90ZWwlMjUyMC0lMjUyMFJpbyUyNTIwVmVyZGUlMjE1ZTAlMjEzbTIlMjExc3B0LUJSJTIxMnNiciUyMTR2MTYyOTA0MDAwNTY1NiUyMTVtMiUyMTFzcHQtQlIlMjEyc2JyJTIyJTIwd2lkdGglM0QlMjI2MDAlMjIlMjBoZWlnaHQlM0QlMjI0NTAlMjIlMjBzdHlsZSUzRCUyMmJvcmRlciUzQTAlM0IlMjIlMjBhbGxvd2Z1bGxzY3JlZW4lM0QlMjIlMjIlMjBsb2FkaW5nJTNEJTIybGF6eSUyMiUzRSUzQyUyRmlmcmFtZSUzRQ==&#8221; size=&#8221;&#8221;][\/vc_column][\/vc_row][vc_row el_class=&#8221;pages_content&#8221;][vc_column][\/vc_column][\/vc_row][vc_row el_class=&#8221;pages_content&#8221;][vc_column][vc_column_text]<br \/>\nTem alguma d\u00favida, cr\u00edtica ou reclama\u00e7\u00e3o?<br \/>\n[\/vc_column_text][\/vc_column][\/vc_row]<\/p>\n","protected":false},"author":1,"featured_media":0,"parent":0,"menu_order":0,"comment_status":"closed","ping_status":"closed","template":"","meta":{"footnotes":""},"class_list":["post-166","page","type-page","status-publish","hentry"],"_links":{"self":[{"href":"https:\/\/motelzap.com.br\/site\/wp-json\/wp\/v2\/pages\/166","targetHints":{"allow":["GET"]}}],"collection":[{"href":"https:\/\/motelzap.com.br\/site\/wp-json\/wp\/v2\/pages"}],"about":[{"href":"https:\/\/motelzap.com.br\/site\/wp-json\/wp\/v2\/types\/page"}],"author":[{"embeddable":true,"href":"https:\/\/motelzap.com.br\/site\/wp-json\/wp\/v2\/users\/1"}],"replies":[{"embeddable":true,"href":"https:\/\/motelzap.com.br\/site\/wp-json\/wp\/v2\/comments?post=166"}],"version-history":[{"count":5,"href":"https:\/\/motelzap.com.br\/site\/wp-json\/wp\/v2\/pages\/166\/revisions"}],"predecessor-version":[{"id":1033,"href":"https:\/\/motelzap.com.br\/site\/wp-json\/wp\/v2\/pages\/166\/revisions\/1033"}],"wp:attachment":[{"href":"https:\/\/motelzap.com.br\/site\/wp-json\/wp\/v2\/media?parent=166"}],"curies":[{"name":"wp","href":"https:\/\/api.w.org\/{rel}","templated":true}]}}